he second derivative of -1/3*s**3 - 1/12*s**4 + 3/2*s**2 - 9*s + 0. What is w(v)?
-5
Let g(p) = p**2 - 7*p + 6. Let y be g(6). Let j(m) = -2*m + 14. Let u be j(7). Let o(t) = -50*t - 3 - t**2 + u + 49*t. Calculate o(y).
-3
Let v(n) = 0*n + 1 + 20 - 11 + 7 - 4*n. Determine v(9).
-19
Let f(w) be the second derivative of -w**5/20 - 11*w**4/12 + 2*w**3 - 3*w**2/2 + 2*w. Let h = -34631 - -34619. Determine f(h).
-3
Suppose 2*j + 3*r = -0*j - 2, -4*r = 3*j + 2. Let c(s) = -429*s**2 - 433*s**j + 867*s**2 + 3 + 2*s - s**3. Determine c(4).
27
Let f(t) = 2*t + 1. Suppose 9*m - 4*m = 3*s - 10, 0 = m + 2*s - 11. Let r(o) = -9*o - 17. Let n(x) = m*r(x) + 6*f(x). Calculate n(9).
16
Let j(r) = -r + 34. Let f = -109 + 117. Let p be j(f). Suppose -6*o + 100 = -p*o. Let c(m) = m**2 + 6*m + 2. What is c(o)?
-3
Suppose -5187*x - 715 = -5252*x. Let o(a) be the second derivative of -1/20*a**5 + x*a - 5/12*a**4 + 0 - 5/6*a**3 - 2*a**2. Give o(-4).
0
Let d = 4/2823 - -311/1882. Let c(j) be the second derivative of -d*j**3 + 0 + 0*j**4 + 2*j**2 - 1/20*j**5 - 6*j. What is c(0)?
4
Suppose -r + 6 = 5. Let m(g) = 1439 + g + 1495 - g**2 - 9*g**3 - 2934. Determine m(r).
-9
Let p(w) = w**2 - 33*w + 70. Let s = 40872 + -40870. Calculate p(s).
8
Let h(q) = 0*q**2 + 117*q + 4*q**2 - 19 + 7*q**3 - 116*q - 12 + 29. Let o = 1 + -3. Determine h(o).
-44
Let t be (5 + -7)*3/(-2). Let p(u) = -4*u + 15*u + 1 - 10*u - t*u. Give p(1).
-1
Suppose -475*m = 783 - 2208. Let r(q) be the second derivative of 1/20*q**5 + 5/12*q**4 + 9*q + 0 - q**m - 3*q**2. Determine r(-6).
-6
Suppose 10*o - 48 = 32. Let d(q) be the third derivative of -q**6/120 + 3*q**5/20 - 3*q**4/8 - 7*q**3/6 - 84*q**2 + 2*q. Calculate d(o).
-15
Let n(f) = 5*f + 55. Suppose -6*o + 8*o + 405 = -25*o. Give n(o).
-20
Let r(u) = -56 - 496*u + 125 + 274*u + 298*u + 229. Determine r(-4).
-6
Let m(v) = 6*v - 9. Suppose -54*n + 57*n + 2*w - 7 = 0, 23 = 2*n + 5*w. Determine m(n).
-15
Let g(s) = 3*s + 49. Let u(o) = -14*o - 259. Let c(k) = -11*g(k) - 2*u(k). Give c(9).
-66
Let p(w) be the third derivative of 23*w**2 + 0*w**3 + 0*w + 0*w**4 + 1/60*w**5 + 0. Suppose -l - 2*a + 4*a = -5, -2*l + 4 = 2*a. Give p(l).
9
Let a(s) = s - 1. Let v(t) be the second derivative of t**5/4 + t**4/6 - t**3/6 - 238*t - 2. Let m be v(1). What is a(m)?
5
Suppose 18*z = 12*z + 18. Let t(o) = -o**z + 2 + 203*o + 195*o - 8 - 391*o + 4*o**2. Calculate t(5).
4
Let r be (-2)/((-40)/(-12)) + 4/(-10). Let n(v) = 0*v**3 - 1164*v**2 + 3*v**3 + 1163*v**2. What is n(r)?
-4
Let n(j) be the first derivative of 2*j**3/3 + 21*j**2 - 4*j + 7764. Calculate n(-21).
-4
Let l(i) = -i**2 + 9*i - 5. Let u be l(8). Let h(w) = 28*w**2 + 4*w - 10*w**2 - 7*w**2 - 4*w**2 - 8*w**2. Determine h(u).
3
Suppose -2*t - 10 = 2*p + 2, -18 = 2*t - p. Let j(a) = a**2 + 8*a - 9. Let q be j(t). Let w(g) = -3*g - 19. Let y be w(q). Let o(k) = k - 10. Determine o(y).
-2
Let i(v) = -48*v**2 + 31*v - 149. Let f(h) = -47*h**2 + 29*h - 137. Let q(w) = -13*f(w) + 12*i(w). Calculate q(-2).
143
Let r(n) = -n**2 - 39*n - 197. Let i be r(-6). Suppose 2*x - 5 + 1 = 0. Let c(z) = -1 + x*z - z**3 - 4*z + 3*z + 8*z**3. Determine c(i).
7
Let f(u) be the first derivative of -u**5/20 - 7*u**4/6 - 13*u**3/6 - 7*u**2/2 + 104*u + 176. Let a(l) be the first derivative of f(l). Calculate a(-13).
-7
Let m(g) = g**2 + 6*g + 1. Let d be (-135916)/396 - 1/(-9)*2. Let i = -349 - d. Calculate m(i).
1
Let n(w) be the third derivative of w**4/24 - 9*w**3/2 + 1442*w**2 - 2. Determine n(-13).
-40
Let y = 42 + -29. Let u = 14 - y. Suppose 6*c - 5*c = -u. Let m(t) = -t**3 - t**2 - 1. Give m(c).
-1
Let i(h) = 2*h**3 - 39*h**2 + 23*h - 69. Let g be i(19). Let d(j) = -j**2 + 8*j + 5. Give d(g).
12
Let b = -1262 + 1260. Let t(w) = 10*w + 19. Determine t(b).
-1
Let n = -12415 - -12409. Let r(p) = 2*p - 31. Calculate r(n).
-43
Let j(z) = -2*z - 9. Let f = 416 - 413. Suppose f*m = -4*n - 17, 18*m = 22*m - 5*n + 33. Determine j(m).
5
Let y = -27 - -32. Suppose 16 = 9*b - y*b. Let l be b + 8/(-3 + 7). Let p(k) = -k**3 + 6*k**2 - k + 7. What is p(l)?
1
Let d(n) = n - 4. Let x(w) = -7*w + 21. Let u(k) = -11*d(k) - 2*x(k). What is u(4)?
14
Let o(h) = -38*h + 65. Let c be o(4). Let v = 88 + c. Let a(w) = -12*w - 1. Give a(v).
-13
Let n = -3957 + 13839. Let h(y) = -1 - 9884*y - 3 + n*y. Determine h(3).
-10
Let u(t) = 16*t**3 + 3*t**3 + 15*t**2 - 19*t + 5*t - 18*t**3 + 16. Give u(-16).
-16
Suppose 11*n + 2 = -2*n + 41. Let j(z) = -2*z**3 - z**2 - z - 4. What is j(n)?
-70
Let c(p) = -2*p - 3*p + 14 + 12 + 24. Let a(u) = -1. Let o(m) = -4*a(m) - c(m). Let y be o(8). Let z(b) = b**3 + 6*b**2 + b + 4. What is z(y)?
-2
Let s(i) = 829 - i**2 - 1677 + 6*i + 856. Calculate s(6).
8
Let m(n) = -4*n + 0*n - 7*n - 3*n**2. Let c(g) = -2*g**2 - 6*g. Let v(q) = 81*q + 570. Let t be v(-7). Let y(b) = t*m(b) - 5*c(b). Determine y(6).
18
Let o be 1/(4 - (6 + -1)). Let w(t) = 7*t + 5*t + 3*t. What is w(o)?
-15
Suppose -w = -5*k + 23, -4*k - 727 + 734 = 3*w. Let h(x) be the second derivative of 0 + 5/12*x**k + 41*x - x**2 - 1/20*x**5 - 1/3*x**3. Determine h(4).
6
Let s be -2 + 2 - (-2 - 1). Let l(h) = -12 - 12 + h + 8 + 2. Let j(x) = -x + 14. Let n(u) = s*j(u) + 2*l(u). What is n(6)?
8
Let a(m) be the first derivative of -m**3/3 + 9*m**2/2 - m - 26. Let g be a(8). Suppose -4*x + g*x = 6. Let d(k) = -7*k + 1. Determine d(x).
-13
Suppose -5*k = 25 - 35. Suppose -k = 6*g - 20. Let i(s) = -s**2 + 6*s - 1. Determine i(g).
8
Let u(b) be the second derivative of b**3/6 - 3*b**2 - 3*b + 25. What is u(-4)?
-10
Let u(p) = -1 + 5*p**3 + 0*p**3 + 2*p + 4*p**3. Let z(f) = 18*f + 73. Suppose 14*a - 8*a + 24 = 0. Let x be z(a). Give u(x).
10
Let w(q) = -8*q + 13*q - 229 + 49. Let f be w(36). Let g(t) = -t**2 - t - 14. Calculate g(f).
-14
Let g(n) = 4*n**2 - 3*n - 1. Let o(b) = b**2 - 44*b - 1456. Let p be o(-22). What is g(p)?
75
Let h(l) = -l**2 + 15*l - 25. Let b be h(8). Let n(f) = -5*f - f**3 - 4*f + 3 + 2*f + 23*f**2 - b*f**2. Give n(-7).
3
Let a(n) = -4*n**2 + 57*n - 9. Let f(y) = -y**2 + 17*y - 2. Let z(j) = a(j) - 3*f(j). Give z(5).
2
Let y(l) be the third derivative of -5*l**4/24 + 133*l**3/6 - 9*l**2 + 23*l - 1. Give y(27).
-2
Let p(f) = 8*f - 29. Let h(n) be the first derivative of -10*n + 3/2*n**2 + 7. Let m(y) = -17*h(y) + 6*p(y). What is m(-6)?
14
Let j(k) = 2*k + 1 - k**2 + 9*k - 3*k - 2 - k. Suppose -f - l + 5 = -1, -5*f + 3*l + 22 = 0. Suppose -f*h - 12 = n, n + 2*n - 2*h - 32 = 0. What is j(n)?
-9
Let i(g) = 799*g + 3209. Let w be i(-4). Let v(n) = -2*n**2 + 23*n + 18. What is v(w)?
-21
Let t(m) be the first derivative of 5/2*m**2 + 13*m + 14 + 1/12*m**4 - m**3. Let k(a) be the first derivative of t(a). Calculate k(5).
0
Let b(m) = -18*m + 26. Let k(c) = -c - 1. Let z(n) = -b(n) + k(n). What is z(-3)?
-78
Let w = -288 + 291. Let z(c) = -3 - c - 77338*c**2 - 3*c + 77333*c**2 - c**w. Let o(f) = -f + 2. Let l be o(6). Calculate z(l).
-3
Let c(v) = 3*v**2 - v - 27. Let q = 7540 - 7535. What is c(q)?
43
Let y(i) = i**3 + 5*i**2 + i - 1. Let s(l) = -6*l**3 - 25*l**2 + 17*l - 2. Let w(x) = s(x) + 5*y(x). Determine w(-5).
8
Let h = 105 - 51. Let s = -43 + h. Let d(i) = i - 13. What is d(s)?
-2
Suppose 3*g = 8*x - 13*x + 10, 5*g = -x - 20. Let h = 2 - g. Let j(v) = v**3 - 7*v**2 - v + 4. Determine j(h).
-3
Let z(h) = -h - 5 - 4*h**2 - 3*h**3 + 4*h**3 - 4*h. Suppose -343 = -3*j + 11*o - 10*o, 4*j - 3*o = 459. Suppose j + 151 = 53*c. Calculate z(c).
-5
Suppose 8*l - 14*l + 420 = 0. Suppose 2*c - 4*a + 76 = 8, 5*a = 2*c + l. Let t be 43/(-4) + c/(-40). Let q(m) = m + 9. Calculate q(t).
-1
Let p(t) be the second derivative of -t**5/20 + 7*t**4/6 - 3*t**2 - 33*t. Let a(w) = -2*w**3 + 12*w**2 + 55*w + 5. Let n be a(9). Give p(n).
-6
Let n = 3917 - 3933. Let t(z) = -7*z - 107. Determine t(n).
5
Let h(x) = 34*x - 1. Let l(f) = -207*f + 42. Let m(j) = 6*h(j) + l(j). Give m(9).
9
Suppose 0 = -2*h + 3*o - 3, 15 = -238*h + 243*h - 3*o. Let i(u) = 21*u + 7. Calculate i(h).
133
Let j(r) = r**2 + 4*r - 3. Suppose -5*q + 137 = -4*c, q = 4*q - 3*c - 84. Suppose 5*b + q = -0*b, -25 = 5*z + b. Determine j(z).
-3
Let f(i) = -i - i**2 - 3 + 2*i - 8*i. Let h(o) = -4*o**2 - 38*o - 17. Let t be h(-9). Let r be t*(8 + -5) - (-2 + 11). What is f(r)?
3
Let b(f) be the second derivative of 0